posite?
True
Let u(o) be the first derivative of -o**4/4 + 5*o**3/3 + 4*o**2 - 3*o - 1. Is u(5) a composite number?
False
Suppose 4*c - 1 = 3*i, -4*c + 3*c = 4*i - 24. Let o(l) = 4*l - 1. Is o(i) composite?
False
Suppose b = -3*p + 1846, -2*p + 3*b + 3058 = 3*p. Is p composite?
True
Let u(r) = 2*r - 5. Let g be u(5). Suppose 4*v - 51 - 13 = 0. Suppose g*k = k + v. Is k a composite number?
True
Let h(v) = v**3 - 5*v**2 + 2*v - 5. Let j be h(5). Suppose 5*q - j*k - 4055 = 0, -k + 3*k + 807 = q. Suppose -2*a + q = 3*a. Is a a prime number?
True
Suppose 10*b - 11*b + 89 = 0. Is b a composite number?
False
Let z = -5002 + 8373. Is z composite?
False
Suppose -3*h = u, -10 = 3*u - 0*u - h. Let v be (2 + -1)/(u/(-9)). Suppose 3*y = 4*a + 65, 8*y - 112 = v*y + 3*a. Is y composite?
False
Suppose 17 + 327 = 4*p. Suppose p = 4*v - 62. Is v composite?
False
Let j = -131 + 772. Is j a prime number?
True
Let w be (4/10)/((-6)/(-15)). Suppose -20 = -4*t - 5*b + 26, -t + 4*b = -w. Is t prime?
False
Let k(w) be the first derivative of 2*w**3/3 + w**2/2 + 2. Let x be k(-1). Is 34 - (3 + x*-2) composite?
True
Let u = 138 - 41. Is u composite?
False
Let o(y) = -23*y. Let p be o(7). Let b = -70 - p. Is b a composite number?
True
Let a = -13 + 92. Is a composite?
False
Let d = -5 - -1. Is (d/(-3) - 1)*21 prime?
True
Suppose g - 2*g = 5*l - 24, -4 = -3*l + 2*g. Is (373/(-5))/(l/(-20)) composite?
False
Let o(g) = 53*g + 7. Is o(3) composite?
True
Let i(u) = -u**3 - 3*u**2 + 3. Let y be i(-3). Suppose y*h - 987 - 1140 = 0. Is h prime?
True
Suppose 12 = -s + 3*k, s = -2*s + 4*k - 21. Let a be (-2)/s*1314/12. Let g = 106 - a. Is g a composite number?
True
Suppose 3*z - 2*x - 1579 = 0, -4*z + 4*x - 2639 = -9*z. Is z composite?
True
Let b = -16903 + 25368. Is b a prime number?
False
Let i = -16 + 26. Is i composite?
True
Let x(m) = -192*m**3 + m. Let g(i) = 2*i + 3. Let n be g(-2). Is x(n) a composite number?
False
Suppose 2 = -c, -3*p - 5*c = -8*p + 4545. Is p a composite number?
False
Suppose c + 315 = 794. Is c a prime number?
True
Suppose 4*y + 53 = 189. Let r = 7 - 26. Let b = y + r. Is b a prime number?
False
Let x = -88 - -167. Is x a composite number?
False
Let u = -1004 + 1677. Is u a composite number?
False
Is (-4941)/(-21) - (-2)/(-7) prime?
False
Suppose 3*a - 252 = -3*a. Let f = a - 21. Is f composite?
True
Let h(a) = 16*a + 7. Suppose 0*b + 4 = 4*b, 4*v - 12 = 4*b. Suppose l + v = 14. Is h(l) prime?
True
Let n be (81/2)/((-12)/(-112)). Suppose 0 = -b - 4*d + 187, -2*b - 2*d = 2*d - n. Is b prime?
True
Let y(r) = 0*r + 0*r**2 + r**2 + 5 - r. Let w be (-84)/16 - (-3)/12. Is y(w) a composite number?
True
Let p be (2/5)/((-1)/(-10)). Suppose -p*a = a - 15. Is 4/6 - (-16)/a prime?
False
Suppose -2 = -m + 1. Suppose -t - 120 = 3*z - 357, 2*t + m*z = 462. Let y = t + -68. Is y a composite number?
False
Let q = -2 - -5. Suppose -q*b - 34 = -4*t, -b - 4*b = 5*t + 10. Let d = b - -41. Is d a prime number?
False
Is 1/2*(309 + 5) prime?
True
Suppose -2*z = -h - 176, 3*z - 3*h - 110 - 151 = 0. Let n = z - -60. Is n prime?
True
Let k(p) = 7 + 4*p + 2*p**2 - 7 + 1 + 2. Let u be -1*(0 + 1 - -2). Is k(u) prime?
False
Suppose -4 = -y - 0. Suppose 18 = 4*h + 4*s + 42, -y*h - 2*s - 14 = 0. Is 6/h*(-22)/4 composite?
True
Is 18414/14 + (-8)/28 composite?
True
Let o(x) = 15*x**2 + 9*x + 11. Let m be o(9). Suppose -p + 3*w = 2*w - m, -3*p + 5*w = -3931. Is p/22 + 2/(-11) a prime number?
True
Suppose 2*s + 3*s + 4*v - 16 = 0, -2*s - 5*v = -20. Let g(h) = h**2 - h + 257. Is g(s) composite?
False
Is (-13 + 16)*1*307 a composite number?
True
Let k = -6 + 9. Suppose -k*s - 476 = -7*s. Is s a prime number?
False
Suppose -2*h - 4*s = -38, -s + 51 = 3*h + 3*s. Let r = h - 9. Suppose -r*a + 29 = -7. Is a a prime number?
False
Let l(h) = 16*h**2 + 10*h - 15. Let i be l(10). Suppose -2*j - 3*j = -i. Is j a composite number?
False
Suppose 379 = 4*o + 3*a, o - 4*a - 91 = -a. Is o a composite number?
True
Let t(u) = u**2 + 5*u + 4. Let b be t(-4). Let z = b - 2. Is 50 + 1 + z + 0 composite?
True
Let n = -3 + 9. Suppose -20 = -5*f, -f + n*f = -5*b + 805. Is b composite?
False
Let s(i) = -i**3 + 5*i**2 + 5*i + 6. Let a be s(6). Suppose -5*f + 183 - 58 = a. Is f prime?
False
Is (-2)/(-10) + 444/5 prime?
True
Let q(y) = 2*y**3 - 11*y**2 - 4*y + 5. Is q(8) prime?
True
Let o(f) = 376*f**2 - f + 2. Is o(1) composite?
True
Is 1/8 + 208715/40 a prime number?
False
Let o = -274 - -465. Let h = o - 76. Is h a composite number?
True
Let m be 1018/8 + 1/(-4). Suppose -2*q - 2*z - m = -3*q, 3*q - 4*z - 373 = 0. Is q prime?
False
Let s(a) = a - 7. Let v be s(6). Let y(q) = q - 1. Let m(u) = -4*u + 4. Let b(z) = v*m(z) - 6*y(z). Is b(-4) prime?
False
Let m(q) = -38*q - 1. Let a be 15*1/5*-2. Let r be (-4)/a*(-9)/6. Is m(r) composite?
False
Suppose -4*p + 4491 = 5*p. Is p prime?
True
Suppose 0*l = 4*x - 3*l - 274, 2*x = 4*l + 142. Is x a composite number?
False
Let x be 2/(-6) + 50/15. Is -1*((-564)/x - 3) a composite number?
False
Let g = 121 - -28. Is g a prime number?
True
Suppose -10 = 3*h + 2*b, -4*h + 6*b - 3*b - 19 = 0. Let m be (-1)/h - 1292/(-16). Suppose -m = -f + 4*u, 2*f + 26 = -u + 206. Is f prime?
True
Suppose 2*t - v + 9 - 164 = 0, 3*t = 3*v + 228. Is t composite?
False
Suppose 4*k - 2*t - 30 = 0, t + 1 + 4 = 0. Suppose 0 = -k*a + 5*g + 705, 3*a - 4*g = -2*a + 707. Is a a composite number?
True
Let z(v) = 108*v - 41. Is z(4) prime?
False
Let j = -2836 + 4485. Is j composite?
True
Suppose -4*m + 3*b + 27 = 0, 9 = -0*m - 2*m - 3*b. Suppose 30 = 2*c - 2*t, 1 - 13 = -m*t. Is c prime?
True
Suppose 0 = -5*p + 4*a + 585, 2*p + 504 = 6*p + 4*a. Is p composite?
True
Let h be 21/(-6)*-18 - 3. Suppose -3*p - h - 82 = -4*z, 5*z - 175 = 5*p. Is z a prime number?
True
Let t = 13 - 11. Suppose -3*v + 3*i = t*v - 286, v - 68 = -3*i. Is v prime?
True
Let n be 2/(1/(417/(-6))). Let c = -42 - n. Is c a composite number?
False
Suppose -5*i + 44 = 4*c - 8, -2*i + 2*c + 10 = 0. Let m = -5 + i. Is (-7 + -3)*m/(-2) prime?
False
Suppose -2*h - 4*d = 0, 0 = -h + 2*h - d + 3. Let m(j) = -69*j + 2. Let t(y) = -139*y + 3. Let a(u) = -5*m(u) + 3*t(u). Is a(h) composite?
True
Suppose -5*m = -3*g - 327, -95 = g + 3*m - 0*m. Let s = 355 + g. Is s a composite number?
False
Suppose 3*m + 90 = 261. Suppose c = 4*l - 146 - 54, l = 2*c + m. Is l composite?
True
Let d be (32/(-40))/(4/590). Is -2 + -1 + 3 - d a prime number?
False
Suppose 1449 - 4997 = -4*x. Is x a prime number?
True
Let u(o) = 4*o**3 + o**2 + o - 1. Let q be u(1). Suppose 2*p - 15 + 9 = 0. Suppose -y = -p*y + q*f + 144, -375 = -5*y + 5*f. Is y prime?
False
Let f(j) = 83*j**2 - 3*j + 5. Is f(2) a composite number?
False
Let q(u) = 13*u - 4. Suppose -3*f - 1 = -28. Is q(f) prime?
True
Let n be -88 + -1 + -1 + -2. Let d be n/8*(1 - -11). Is (d/9)/((-2)/6) a composite number?
True
Let u = 72 - 47. Suppose -u = 5*n - 210. Is n a prime number?
True
Let d = 338 - 127. Is d composite?
False
Suppose -2*r - 240 = -2*j + 30, j - 132 = -2*r. Is j prime?
False
Let g = 42 - -5. Is g prime?
True
Suppose -k + 2*k - 40 = -4*j, 0 = -k + j + 35. Suppose q - 101 = 3*p - q, 0 = p - 3*q + k. Let l = p + 71. Is l a composite number?
True
Suppose -15*s + 19*s - 1996 = 0. Is s a composite number?
False
Let b = 4834 - 3317. Is b a prime number?
False
Suppose 9 = 4*o - 11. Let d(x) = x**3 - 3*x**2 - 2*x - 6. Is d(o) prime?
False
Suppose -v + 4 = -2. Suppose -j - v + 125 = 0. Is j composite?
True
Suppose 5*i + 7 = 3*a - 34, 0 = -2*a + 5*i + 34. Is a a composite number?
False
Suppose 14 = -s + 4*v, -s + 0*s = 3*v - 14. Suppose 0 = 4*l - s*f - 1070, -6*l = -l + 2*f - 1333. Is l composite?
True
Let o = -24 + 13. Let w = o + 16. Suppose 1 = -a, -w*v - 61 + 212 = 4*a. Is v composite?
False
Suppose 0 = -2*m + 7*m - 20. Let r = m - 2. Let b(c) = 6*c**2 - 1. Is b(r) prime?
True
Let z(r) = -r**3 + 10*r**2 + 2. Let m be z(10). Suppose -m*c + 0*s + 175 = -3*s, s - 268 = -3*c. Is c a composite number?
False
Let i be 290/(-90) - (-4)/18. Is (-8)/(-12) - 205/i a prime number?
False
Let b = 2 + 0. Let m = b + 1. Suppose 4*q - m*s = 139, -3*q + 3*s = 5*s - 117. Is q composite?
False
Suppose 2*k = -2*k + 892. Is k a composite number?
False
Suppose 2*o - 7*o + 4*w = -53317, o = 3*w + 10670. Is o composite?
Tr